{"id":98,"date":"2017-10-17T15:02:37","date_gmt":"2017-10-17T13:02:37","guid":{"rendered":"https:\/\/medienwissenschaft.uni-bayreuth.de\/inik\/?page_id=98"},"modified":"2017-10-17T15:06:40","modified_gmt":"2017-10-17T13:06:40","slug":"ines","status":"publish","type":"page","link":"https:\/\/medienwissenschaft.uni-bayreuth.de\/inik\/entwuerfe\/ines\/","title":{"rendered":"Mein Computer spricht mit mir"},"content":{"rendered":"<div id=\"inhalt2\">\n<h4>Eine Unterrichtsreihe mit der Integrierte Entwicklungsumgebung f\u00fcr Sprachdialogsysteme InES<\/h4>\n<p>Sprachgesteuerte Informatikanwendungen, wie Mobiltelefone, Navigationsger\u00e4te oder nat\u00fcrlichsprachliche Informations- und Auskunftssysteme faszinieren viele Jugendliche und sind aus ihrem Leben heute nicht mehr wegzudenken. Das Thema Mensch-Maschine-Kommunikation mit gesprochener Sprache ist deshalb ein geeigneter Anreiz und Bezugspunkt f\u00fcr die Erarbeitung von Basiskonzepten der Informatik in einem kontextbezogenen Informatikunterricht.<\/p>\n<p><img loading=\"lazy\" decoding=\"async\" src=\"\/inik\/material\/Bilder\/inES.png\" width=\"480\" height=\"360\" \/><\/p>\n<p>inES ist eine f\u00fcr den Einsatz im Informatikunterricht entwickelte Lernsoftware f\u00fcr telefonbasierte Sprachdialogsysteme, die die Grundfunktionen Modellierung, Implementierung und Ausf\u00fchrung von Sprachdialogsystemen vereint.<br \/>\nDie Software wurde im Arbeitsbereich Didaktik der Informatik der Fakult\u00e4t f\u00fcr Erziehungswissenschaft, Psychologie und Bewegungswissenschaft der Universit\u00e4t Hamburg entwickelt.<\/p>\n<p>Idee, Konzeption und Realisierung: Norbert Breier, Sabrina Hilger und Sven Alisch mit Unterst\u00fctzung von Johan Schulz und Nico Lange.<br \/>\nAuf den folgenden Seiten k\u00f6nnen Sie sich die Software f\u00fcr die Betriebssysteme Linux, MacOS X und Windows (getestet unter XP und 7) herunterladen. Sie finden hier au\u00dferdem Ideen f\u00fcr den Unterrichtseinsatz, ein Handbuch, sowie wertvolle Tipps und Tricks im Umgang mit inES.<\/p>\n<\/div>\n<p>\u2192 Weitere Informationen zum <a href=\"http:\/\/ines-ide.de\/index.php?option=com_content&amp;view=article&amp;id=4&amp;Itemid=4\" target=\"_blank\" rel=\"noopener\">Unterricht<\/a> und <a href=\"http:\/\/ines-ide.de\/index.php?option=com_content&amp;view=article&amp;id=1&amp;Itemid=2\" target=\"_blank\" rel=\"noopener\">Materialien zum Download<\/a> gibt es auf der <a href=\"http:\/\/ines-ide.de\/\" target=\"_blank\" rel=\"noopener\">inES-Website<\/a>.<\/p>\n","protected":false},"excerpt":{"rendered":"<p>Eine Unterrichtsreihe mit der Integrierte Entwicklungsumgebung f\u00fcr Sprachdialogsysteme InES Sprachgesteuerte Informatikanwendungen, wie Mobiltelefone, Navigationsger\u00e4te oder nat\u00fcrlichsprachliche Informations- und Auskunftssysteme faszinieren viele Jugendliche und sind aus ihrem Leben heute nicht mehr wegzudenken. Das Thema Mensch-Maschine-Kommunikation mit gesprochener Sprache ist deshalb ein geeigneter Anreiz und Bezugspunkt f\u00fcr die Erarbeitung von Basiskonzepten der Informatik in einem kontextbezogenen Informatikunterricht. [&hellip;]<\/p>\n","protected":false},"author":1,"featured_media":0,"parent":24,"menu_order":0,"comment_status":"closed","ping_status":"closed","template":"","meta":{"site-sidebar-layout":"default","site-content-layout":"","ast-site-content-layout":"default","site-content-style":"default","site-sidebar-style":"default","ast-global-header-display":"","ast-banner-title-visibility":"","ast-main-header-display":"","ast-hfb-above-header-display":"","ast-hfb-below-header-display":"","ast-hfb-mobile-header-display":"","site-post-title":"","ast-breadcrumbs-content":"","ast-featured-img":"","footer-sml-layout":"","ast-disable-related-posts":"","theme-transparent-header-meta":"","adv-header-id-meta":"","stick-header-meta":"","header-above-stick-meta":"","header-main-stick-meta":"","header-below-stick-meta":"","astra-migrate-meta-layouts":"default","ast-page-background-enabled":"default","ast-page-background-meta":{"desktop":{"background-color":"var(--ast-global-color-4)","background-image":"","background-repeat":"repeat","background-position":"center center","background-size":"auto","background-attachment":"scroll","background-type":"","background-media":"","overlay-type":"","overlay-color":"","overlay-opacity":"","overlay-gradient":""},"tablet":{"background-color":"","background-image":"","background-repeat":"repeat","background-position":"center center","background-size":"auto","background-attachment":"scroll","background-type":"","background-media":"","overlay-type":"","overlay-color":"","overlay-opacity":"","overlay-gradient":""},"mobile":{"background-color":"","background-image":"","background-repeat":"repeat","background-position":"center center","background-size":"auto","background-attachment":"scroll","background-type":"","background-media":"","overlay-type":"","overlay-color":"","overlay-opacity":"","overlay-gradient":""}},"ast-content-background-meta":{"desktop":{"background-color":"var(--ast-global-color-5)","background-image":"","background-repeat":"repeat","background-position":"center center","background-size":"auto","background-attachment":"scroll","background-type":"","background-media":"","overlay-type":"","overlay-color":"","overlay-opacity":"","overlay-gradient":""},"tablet":{"background-color":"var(--ast-global-color-5)","background-image":"","background-repeat":"repeat","background-position":"center center","background-size":"auto","background-attachment":"scroll","background-type":"","background-media":"","overlay-type":"","overlay-color":"","overlay-opacity":"","overlay-gradient":""},"mobile":{"background-color":"var(--ast-global-color-5)","background-image":"","background-repeat":"repeat","background-position":"center center","background-size":"auto","background-attachment":"scroll","background-type":"","background-media":"","overlay-type":"","overlay-color":"","overlay-opacity":"","overlay-gradient":""}},"footnotes":""},"class_list":["post-98","page","type-page","status-publish","hentry"],"_links":{"self":[{"href":"https:\/\/medienwissenschaft.uni-bayreuth.de\/inik\/wp-json\/wp\/v2\/pages\/98","targetHints":{"allow":["GET"]}}],"collection":[{"href":"https:\/\/medienwissenschaft.uni-bayreuth.de\/inik\/wp-json\/wp\/v2\/pages"}],"about":[{"href":"https:\/\/medienwissenschaft.uni-bayreuth.de\/inik\/wp-json\/wp\/v2\/types\/page"}],"author":[{"embeddable":true,"href":"https:\/\/medienwissenschaft.uni-bayreuth.de\/inik\/wp-json\/wp\/v2\/users\/1"}],"replies":[{"embeddable":true,"href":"https:\/\/medienwissenschaft.uni-bayreuth.de\/inik\/wp-json\/wp\/v2\/comments?post=98"}],"version-history":[{"count":3,"href":"https:\/\/medienwissenschaft.uni-bayreuth.de\/inik\/wp-json\/wp\/v2\/pages\/98\/revisions"}],"predecessor-version":[{"id":101,"href":"https:\/\/medienwissenschaft.uni-bayreuth.de\/inik\/wp-json\/wp\/v2\/pages\/98\/revisions\/101"}],"up":[{"embeddable":true,"href":"https:\/\/medienwissenschaft.uni-bayreuth.de\/inik\/wp-json\/wp\/v2\/pages\/24"}],"wp:attachment":[{"href":"https:\/\/medienwissenschaft.uni-bayreuth.de\/inik\/wp-json\/wp\/v2\/media?parent=98"}],"curies":[{"name":"wp","href":"https:\/\/api.w.org\/{rel}","templated":true}]}}