{"id":20,"date":"2017-10-17T10:19:02","date_gmt":"2017-10-17T08:19:02","guid":{"rendered":"https:\/\/medienwissenschaft.uni-bayreuth.de\/inik\/?page_id=20"},"modified":"2022-09-23T16:33:42","modified_gmt":"2022-09-23T14:33:42","slug":"kriterienunterrichtsplanung","status":"publish","type":"page","link":"https:\/\/medienwissenschaft.uni-bayreuth.de\/inik\/konzepte\/kriterienunterrichtsplanung\/","title":{"rendered":"Kriterien f\u00fcr die Gestaltung von Unterrichtsplanungen"},"content":{"rendered":"<p>Neben den \u00fcblichen Kriterien f\u00fcr Unterrichtsentw\u00fcrfe (Verlaufsplan, Arbeitsmaterielien, fachliche Einbettung etc.) sollten IniK-Entw\u00fcrfe f\u00fcr Unterrichtseinheiten die folgenden Merkmale aufweisen:<\/p>\n<ul>\n<li>Die Unterrichtseinheit soll von<strong> erfassbarer Komplexit\u00e4t<\/strong> in der Breite bleiben. Es geht nicht darum, den Unterricht der Fachkollegen praktisch nebenbei mit abzudecken, sondern darum, auf m\u00f6gliche f\u00e4cher\u00fcbergreifende, insbesondere gesellschaftliche Fragen vorbereitet zu sein.<\/li>\n<li>Die <strong>fachliche Tiefe <\/strong>sollte angegeben werden. Inik-Unterricht ist Informatik-Unterricht. Der Bezug zu den <a href=\"https:\/\/informatikstandards.de\" target=\"_blank\" rel=\"noopener\">Bildungsstandards Informatik<\/a> soll explizit hergestellt werden.<\/li>\n<li>Die<strong> L\u00e4nge<\/strong> der Unterrichtseinheiten soll nicht zu kurz und nicht zu lang sein. Sehr lange Einheiten sollten in klare Module unterteilt werden.<\/li>\n<li>Der <strong>Handlungsrahmen<\/strong> der Sch\u00fclerinnen und Sch\u00fcler innerhalb des Kontextes soll dauerhaft erkennbar bleiben.<\/li>\n<\/ul>\n<p><em>Hinweis:<\/em> Die auf dieser Webseite vorgestellten Entw\u00fcrfe wurden vor allem <strong>f\u00fcr Sekundarstufe I entwickelt<\/strong>, da zum Zeitpunkt der Entstehung des Projekts noch keine Empfehlungen f\u00fcr bundesweite Bildungsstandards f\u00fcr die Primarstufe oder die Sekundarstufe II vorlagen. Selbstverst\u00e4ndlich sind auch IniK-Entw\u00fcrfe m\u00f6glich, die auf die Primarstufe oder die Sekundarstufe II ausgerichtet sind.<\/p>\n","protected":false},"excerpt":{"rendered":"<p>Neben den \u00fcblichen Kriterien f\u00fcr Unterrichtsentw\u00fcrfe (Verlaufsplan, Arbeitsmaterielien, fachliche Einbettung etc.) sollten IniK-Entw\u00fcrfe f\u00fcr Unterrichtseinheiten die folgenden Merkmale aufweisen: Die Unterrichtseinheit soll von erfassbarer Komplexit\u00e4t in der Breite bleiben. Es geht nicht darum, den Unterricht der Fachkollegen praktisch nebenbei mit abzudecken, sondern darum, auf m\u00f6gliche f\u00e4cher\u00fcbergreifende, insbesondere gesellschaftliche Fragen vorbereitet zu sein. Die fachliche Tiefe [&hellip;]<\/p>\n","protected":false},"author":1,"featured_media":0,"parent":12,"menu_order":0,"comment_status":"closed","ping_status":"closed","template":"","meta":{"site-sidebar-layout":"default","site-content-layout":"","ast-site-content-layout":"default","site-content-style":"default","site-sidebar-style":"default","ast-global-header-display":"","ast-banner-title-visibility":"","ast-main-header-display":"","ast-hfb-above-header-display":"","ast-hfb-below-header-display":"","ast-hfb-mobile-header-display":"","site-post-title":"","ast-breadcrumbs-content":"","ast-featured-img":"","footer-sml-layout":"","ast-disable-related-posts":"","theme-transparent-header-meta":"","adv-header-id-meta":"","stick-header-meta":"","header-above-stick-meta":"","header-main-stick-meta":"","header-below-stick-meta":"","astra-migrate-meta-layouts":"default","ast-page-background-enabled":"default","ast-page-background-meta":{"desktop":{"background-color":"var(--ast-global-color-4)","background-image":"","background-repeat":"repeat","background-position":"center center","background-size":"auto","background-attachment":"scroll","background-type":"","background-media":"","overlay-type":"","overlay-color":"","overlay-opacity":"","overlay-gradient":""},"tablet":{"background-color":"","background-image":"","background-repeat":"repeat","background-position":"center center","background-size":"auto","background-attachment":"scroll","background-type":"","background-media":"","overlay-type":"","overlay-color":"","overlay-opacity":"","overlay-gradient":""},"mobile":{"background-color":"","background-image":"","background-repeat":"repeat","background-position":"center center","background-size":"auto","background-attachment":"scroll","background-type":"","background-media":"","overlay-type":"","overlay-color":"","overlay-opacity":"","overlay-gradient":""}},"ast-content-background-meta":{"desktop":{"background-color":"var(--ast-global-color-5)","background-image":"","background-repeat":"repeat","background-position":"center center","background-size":"auto","background-attachment":"scroll","background-type":"","background-media":"","overlay-type":"","overlay-color":"","overlay-opacity":"","overlay-gradient":""},"tablet":{"background-color":"var(--ast-global-color-5)","background-image":"","background-repeat":"repeat","background-position":"center center","background-size":"auto","background-attachment":"scroll","background-type":"","background-media":"","overlay-type":"","overlay-color":"","overlay-opacity":"","overlay-gradient":""},"mobile":{"background-color":"var(--ast-global-color-5)","background-image":"","background-repeat":"repeat","background-position":"center center","background-size":"auto","background-attachment":"scroll","background-type":"","background-media":"","overlay-type":"","overlay-color":"","overlay-opacity":"","overlay-gradient":""}},"footnotes":""},"class_list":["post-20","page","type-page","status-publish","hentry"],"_links":{"self":[{"href":"https:\/\/medienwissenschaft.uni-bayreuth.de\/inik\/wp-json\/wp\/v2\/pages\/20","targetHints":{"allow":["GET"]}}],"collection":[{"href":"https:\/\/medienwissenschaft.uni-bayreuth.de\/inik\/wp-json\/wp\/v2\/pages"}],"about":[{"href":"https:\/\/medienwissenschaft.uni-bayreuth.de\/inik\/wp-json\/wp\/v2\/types\/page"}],"author":[{"embeddable":true,"href":"https:\/\/medienwissenschaft.uni-bayreuth.de\/inik\/wp-json\/wp\/v2\/users\/1"}],"replies":[{"embeddable":true,"href":"https:\/\/medienwissenschaft.uni-bayreuth.de\/inik\/wp-json\/wp\/v2\/comments?post=20"}],"version-history":[{"count":7,"href":"https:\/\/medienwissenschaft.uni-bayreuth.de\/inik\/wp-json\/wp\/v2\/pages\/20\/revisions"}],"predecessor-version":[{"id":484,"href":"https:\/\/medienwissenschaft.uni-bayreuth.de\/inik\/wp-json\/wp\/v2\/pages\/20\/revisions\/484"}],"up":[{"embeddable":true,"href":"https:\/\/medienwissenschaft.uni-bayreuth.de\/inik\/wp-json\/wp\/v2\/pages\/12"}],"wp:attachment":[{"href":"https:\/\/medienwissenschaft.uni-bayreuth.de\/inik\/wp-json\/wp\/v2\/media?parent=20"}],"curies":[{"name":"wp","href":"https:\/\/api.w.org\/{rel}","templated":true}]}}

Kriterien für die Gestaltung von Unterrichtsplanungen

<p>Neben den üblichen Kriterien für Unterrichtsentwürfe (Verlaufsplan, Arbeitsmaterielien, fachliche Einbettung etc.) sollten IniK-Entwürfe für Unterrichtseinheiten die folgenden Merkmale aufweisen:</p>
<ul>
<li>Die Unterrichtseinheit soll von<strong> erfassbarer Komplexität</strong> in der Breite bleiben. Es geht nicht darum, den Unterricht der Fachkollegen praktisch nebenbei mit abzudecken, sondern darum, auf mögliche fächerübergreifende, insbesondere gesellschaftliche Fragen vorbereitet zu sein.</li>
<li>Die <strong>fachliche Tiefe </strong>sollte angegeben werden. Inik-Unterricht ist Informatik-Unterricht. Der Bezug zu den <a href="https://informatikstandards.de" target="_blank" rel="noopener">Bildungsstandards Informatik</a> soll explizit hergestellt werden.</li>
<li>Die<strong> Länge</strong> der Unterrichtseinheiten soll nicht zu kurz und nicht zu lang sein. Sehr lange Einheiten sollten in klare Module unterteilt werden.</li>
<li>Der <strong>Handlungsrahmen</strong> der Schülerinnen und Schüler innerhalb des Kontextes soll dauerhaft erkennbar bleiben.</li>
</ul>
<p><em>Hinweis:</em> Die auf dieser Webseite vorgestellten Entwürfe wurden vor allem <strong>für Sekundarstufe I entwickelt</strong>, da zum Zeitpunkt der Entstehung des Projekts noch keine Empfehlungen für bundesweite Bildungsstandards für die Primarstufe oder die Sekundarstufe II vorlagen. Selbstverständlich sind auch IniK-Entwürfe möglich, die auf die Primarstufe oder die Sekundarstufe II ausgerichtet sind.</p>

<p>Neben den üblichen Kriterien für Unterrichtsentwürfe (Verlaufsplan, Arbeitsmaterielien, fachliche Einbettung etc.) sollten IniK-Entwürfe für Unterrichtseinheiten die folgenden Merkmale aufweisen: Die Unterrichtseinheit soll von erfassbarer Komplexität in der Breite bleiben. Es geht nicht darum, den Unterricht der Fachkollegen praktisch nebenbei mit abzudecken, sondern darum, auf mögliche fächerübergreifende, insbesondere gesellschaftliche Fragen vorbereitet zu sein. Die fachliche Tiefe [&hellip;]</p>
