{"id":3274,"date":"2023-07-12T11:31:16","date_gmt":"2023-07-12T09:31:16","guid":{"rendered":"https:\/\/medienwissenschaft.uni-bayreuth.de\/gil\/?page_id=3274"},"modified":"2024-06-28T13:52:31","modified_gmt":"2024-06-28T11:52:31","slug":"pressemitteilungen","status":"publish","type":"page","link":"https:\/\/medienwissenschaft.uni-bayreuth.de\/gil\/pressemitteilungen\/","title":{"rendered":"Pressemitteilungen"},"content":{"rendered":"\t\t<div data-elementor-type=\"wp-page\" data-elementor-id=\"3274\" class=\"elementor elementor-3274\">\n\t\t\t\t\t\t<section class=\"elementor-section elementor-top-section elementor-element elementor-element-16e54cd elementor-section-full_width elementor-section-height-default elementor-section-height-default\" data-id=\"16e54cd\" data-element_type=\"section\" data-e-type=\"section\">\n\t\t\t\t\t\t<div class=\"elementor-container elementor-column-gap-default\">\n\t\t\t\t\t<div class=\"elementor-column elementor-col-100 elementor-top-column elementor-element elementor-element-7d77aa2 elementor-hidden-tablet elementor-hidden-mobile\" data-id=\"7d77aa2\" data-element_type=\"column\" data-e-type=\"column\" data-settings=\"{&quot;background_background&quot;:&quot;classic&quot;}\">\n\t\t\t<div class=\"elementor-widget-wrap elementor-element-populated\">\n\t\t\t\t\t\t<div class=\"elementor-element elementor-element-f6b09fc elementor-widget elementor-widget-spacer\" data-id=\"f6b09fc\" data-element_type=\"widget\" data-e-type=\"widget\" data-widget_type=\"spacer.default\">\n\t\t\t\t<div class=\"elementor-widget-container\">\n\t\t\t\t\t\t\t<div class=\"elementor-spacer\">\n\t\t\t<div class=\"elementor-spacer-inner\"><\/div>\n\t\t<\/div>\n\t\t\t\t\t\t<\/div>\n\t\t\t\t<\/div>\n\t\t\t\t\t<\/div>\n\t\t<\/div>\n\t\t\t\t\t<\/div>\n\t\t<\/section>\n\t\t\t\t<section class=\"elementor-section elementor-top-section elementor-element elementor-element-d35c13f elementor-section-boxed elementor-section-height-default elementor-section-height-default\" data-id=\"d35c13f\" data-element_type=\"section\" data-e-type=\"section\">\n\t\t\t\t\t\t<div class=\"elementor-container elementor-column-gap-default\">\n\t\t\t\t\t<div class=\"elementor-column elementor-col-100 elementor-top-column elementor-element elementor-element-149f50b\" data-id=\"149f50b\" data-element_type=\"column\" data-e-type=\"column\" data-settings=\"{&quot;background_background&quot;:&quot;classic&quot;}\">\n\t\t\t<div class=\"elementor-widget-wrap elementor-element-populated\">\n\t\t\t\t\t\t<div class=\"elementor-element elementor-element-3b676fc elementor-widget elementor-widget-heading\" data-id=\"3b676fc\" data-element_type=\"widget\" data-e-type=\"widget\" data-widget_type=\"heading.default\">\n\t\t\t\t<div class=\"elementor-widget-container\">\n\t\t\t\t\t<h2 class=\"elementor-heading-title elementor-size-default\">Pressemitteilungen<\/h2>\t\t\t\t<\/div>\n\t\t\t\t<\/div>\n\t\t\t\t<section class=\"elementor-section elementor-inner-section elementor-element elementor-element-5339ac5 elementor-section-boxed elementor-section-height-default elementor-section-height-default\" data-id=\"5339ac5\" data-element_type=\"section\" data-e-type=\"section\">\n\t\t\t\t\t\t<div class=\"elementor-container elementor-column-gap-default\">\n\t\t\t\t\t<div class=\"elementor-column elementor-col-100 elementor-inner-column elementor-element elementor-element-24fb876\" data-id=\"24fb876\" data-element_type=\"column\" data-e-type=\"column\">\n\t\t\t<div class=\"elementor-widget-wrap elementor-element-populated\">\n\t\t\t\t\t\t<div class=\"elementor-element elementor-element-0f0ea7a elementor-widget elementor-widget-text-editor\" data-id=\"0f0ea7a\" data-element_type=\"widget\" data-e-type=\"widget\" data-widget_type=\"text-editor.default\">\n\t\t\t\t<div class=\"elementor-widget-container\">\n\t\t\t\t\t\t\t\t\t<p>In den folgenden Artikeln und Beitr\u00e4gen wird das Game Innovation Lab vorgestellt oder thematisiert:<\/p><p><a href=\"https:\/\/www.bayreuther-tagblatt.de\/nachrichten-meldungen-news\/neues-ostwind-spiel-remaster-kommt-aus-bayreuth\/\" target=\"_blank\" rel=\"noopener\">28.06.2024: Neues Remaster von Videospiel Ostwind kommt aus Bayreuth<\/a><\/p><p><a href=\"https:\/\/www.bayreuther-tagblatt.de\/nachrichten-meldungen-news\/spiele-entwickeln-in-48-stunden-der-global-game-jam-in-bayreuth\/\" target=\"_blank\" rel=\"noopener\">02.02.2024: Spiele entwickeln in 48 Stunden: Der Global Game Jam in Bayreuth<\/a><\/p><p><a href=\"https:\/\/www.bayreuther-tagblatt.de\/nachrichten-meldungen-news\/immer-mehr-videospiele-entstehen-in-bayreuth-wieso-die-gaming-industrie-hier-waechst\/\" target=\"_blank\" rel=\"noopener\">15.12.2023: Immer mehr Videospiele entstehen in Bayreuth: wieso die Gaming-Industrie hier w\u00e4chst<\/a><\/p><p><a href=\"https:\/\/bayreuthmagazin.online\/neue-helden-der-spielewelt\/\">13.09.2023: Neue Helden der Spielewelt<\/a><\/p><p><a href=\"https:\/\/www.uni-bayreuth.de\/pressemitteilung\/foerderung-von-technologiehubs\" target=\"_blank\" rel=\"noopener\">28.06.2023: 1,5 Millionen Euro der Oberfrankenstiftung f\u00fcr die Universit\u00e4t Bayreuth<\/a><\/p><p><a href=\"https:\/\/www.uni-bayreuth.de\/pressemitteilung\/games-foerderung\" target=\"_blank\" rel=\"noopener\">04.05.2023: Zwei Bayreuther Spiele erhalten die Games-F\u00f6rderung des FilmFernsehFonds Bayern\u00a0<\/a><\/p><p><a href=\"https:\/\/www.br.de\/nachrichten\/bayern\/in-48-stunden-spiele-entwickeln-global-game-jam-in-bayern,TUtVMZ5\" target=\"_blank\" rel=\"noopener\">04.02.2023: In 48 Stunden Spiele entwickeln: &#8222;Global Game Jam&#8220; in Bayern<\/a><\/p><p><a href=\"https:\/\/www.uni-bayreuth.de\/pressemitteilung\/last-frog-standing\" target=\"_blank\" rel=\"noopener\">28.07.2022: Bayreuther stellen erneut ihre Expertise im Spieleentwickeln unter Beweis<\/a><\/p><p><a href=\"https:\/\/deutscher-computerspielpreis.de\/gewinner\/passing-by\/\">13.04.2021 Nachwuchspreis: Bester Prototyp &#8211; Passing By<\/a><\/p><p><a href=\"https:\/\/www.games-bavaria.com\/gamesstandort-bayern-gruenden-in-bayreuth\/\">09.03.2021 Games-Standort Bayern: Gr\u00fcnden in Bayreuth<\/a><\/p><p><a href=\"https:\/\/www.games-bavaria.com\/gamsstandort-bayern-studieren-in-bayreuth-1-2\/\">07.10.2020 Games-Standort Bayern: Studieren in Bayreuth<\/a><\/p><p><a href=\"https:\/\/www.bfm-bayreuth.de\/rueckblick-betriebswirtschaftliche-anwendungsfelder-von-game-engines-am-24-09-2020\/\">24.09.2020 R\u00fcckblick &#8222;Betriebswirtschaftliche Anwendungsfelder von Game Enginges&#8220;<\/a><\/p><p><a href=\"https:\/\/www.br.de\/mediathek\/video\/spiele-entwickeln-im-schnelldurchlauf-der-showdown-der-spieleentwickler-av:5e65f53bb6947b001a5b996f\">09.03.2020 Global Game Jam 2020: Der Showdown der Spieleentwickler &#8211; Spiele entwickeln im Schnelldurchlauf<\/a><\/p><p><a href=\"https:\/\/www.br.de\/fernsehen\/ard-alpha\/sendungen\/campus\/global-game-jam-uni-bayreuth-spiele-entwickeln-102.html\">07.03.2020 Global Game Jam 2020: Der Showdown der Spieleentwickler<\/a><\/p><p><a href=\"https:\/\/www.youtube.com\/watch?v=g9JQs7kXaN4\">10.02.2020 Ein Besuch bei Jochen Koubek, Computerspielwissenschaften, Universit\u00e4t Bayreuth<\/a><\/p><p><a href=\"https:\/\/bayreuthmagazin.online\/zukunft-aktiv-gestalten\/\">2020 Zukunft aktiv gestalten: Innovationslabore in Oberfranken<\/a><\/p><p><a href=\"https:\/\/www.ardmediathek.de\/video\/campus-magazin\/mehr-als-zocken-computerspielwissenschaften-an-der-uni-bayreuth\/ard-alpha\/Y3JpZDovL2JyLmRlL3ZpZGVvL2RlNTk0NzY0LTJlNmMtNGZhNi1iYzcyLTk5YzIyNzIyMTliYg\/\">18.12.2019 Mehr als Zocken: Computerspielwissenschaften an der Uni Bayreuth<\/a><\/p>\t\t\t\t\t\t\t\t<\/div>\n\t\t\t\t<\/div>\n\t\t\t\t<div class=\"elementor-element elementor-element-a1bf0ae elementor-widget-divider--view-line elementor-widget elementor-widget-divider\" data-id=\"a1bf0ae\" data-element_type=\"widget\" data-e-type=\"widget\" data-widget_type=\"divider.default\">\n\t\t\t\t<div class=\"elementor-widget-container\">\n\t\t\t\t\t\t\t<div class=\"elementor-divider\">\n\t\t\t<span class=\"elementor-divider-separator\">\n\t\t\t\t\t\t<\/span>\n\t\t<\/div>\n\t\t\t\t\t\t<\/div>\n\t\t\t\t<\/div>\n\t\t\t\t<section class=\"elementor-section elementor-inner-section elementor-element elementor-element-ac2abcb elementor-section-boxed elementor-section-height-default elementor-section-height-default\" data-id=\"ac2abcb\" data-element_type=\"section\" data-e-type=\"section\">\n\t\t\t\t\t\t<div class=\"elementor-container elementor-column-gap-default\">\n\t\t\t\t\t<div class=\"elementor-column elementor-col-50 elementor-inner-column elementor-element elementor-element-000abc1\" data-id=\"000abc1\" data-element_type=\"column\" data-e-type=\"column\">\n\t\t\t<div class=\"elementor-widget-wrap elementor-element-populated\">\n\t\t\t\t\t\t<div class=\"elementor-element elementor-element-a9e1ba0 elementor-widget elementor-widget-video\" data-id=\"a9e1ba0\" data-element_type=\"widget\" data-e-type=\"widget\" data-settings=\"{&quot;youtube_url&quot;:&quot;https:\\\/\\\/www.youtube.com\\\/watch?v=maIedrnk_3M&quot;,&quot;video_type&quot;:&quot;youtube&quot;,&quot;controls&quot;:&quot;yes&quot;}\" data-widget_type=\"video.default\">\n\t\t\t\t<div class=\"elementor-widget-container\">\n\t\t\t\t\t\t\t<div class=\"elementor-wrapper elementor-open-inline\">\n\t\t\t<div class=\"elementor-video\"><\/div>\t\t<\/div>\n\t\t\t\t\t\t<\/div>\n\t\t\t\t<\/div>\n\t\t\t\t\t<\/div>\n\t\t<\/div>\n\t\t\t\t<div class=\"elementor-column elementor-col-50 elementor-inner-column elementor-element elementor-element-6d82238\" data-id=\"6d82238\" data-element_type=\"column\" data-e-type=\"column\">\n\t\t\t<div class=\"elementor-widget-wrap elementor-element-populated\">\n\t\t\t\t\t\t<div class=\"elementor-element elementor-element-ff58a36 elementor-widget elementor-widget-video\" data-id=\"ff58a36\" data-element_type=\"widget\" data-e-type=\"widget\" data-settings=\"{&quot;youtube_url&quot;:&quot;https:\\\/\\\/www.youtube.com\\\/watch?v=g9JQs7kXaN4&quot;,&quot;video_type&quot;:&quot;youtube&quot;,&quot;controls&quot;:&quot;yes&quot;}\" data-widget_type=\"video.default\">\n\t\t\t\t<div class=\"elementor-widget-container\">\n\t\t\t\t\t\t\t<div class=\"elementor-wrapper elementor-open-inline\">\n\t\t\t<div class=\"elementor-video\"><\/div>\t\t<\/div>\n\t\t\t\t\t\t<\/div>\n\t\t\t\t<\/div>\n\t\t\t\t\t<\/div>\n\t\t<\/div>\n\t\t\t\t\t<\/div>\n\t\t<\/section>\n\t\t\t\t<div class=\"elementor-element elementor-element-0682152 elementor-widget-divider--view-line elementor-widget elementor-widget-divider\" data-id=\"0682152\" data-element_type=\"widget\" data-e-type=\"widget\" data-widget_type=\"divider.default\">\n\t\t\t\t<div class=\"elementor-widget-container\">\n\t\t\t\t\t\t\t<div class=\"elementor-divider\">\n\t\t\t<span class=\"elementor-divider-separator\">\n\t\t\t\t\t\t<\/span>\n\t\t<\/div>\n\t\t\t\t\t\t<\/div>\n\t\t\t\t<\/div>\n\t\t\t\t<div class=\"elementor-element elementor-element-9680fed elementor-widget elementor-widget-text-editor\" data-id=\"9680fed\" data-element_type=\"widget\" data-e-type=\"widget\" data-widget_type=\"text-editor.default\">\n\t\t\t\t<div class=\"elementor-widget-container\">\n\t\t\t\t\t\t\t\t\t<p><strong>&#8222;Scrum \u2013 Entwicklung mittels agilem Projektmanagement f\u00fcr den Mittelstand&#8220;<\/strong>,\u00a0In: BFM Spiegel. Journal des Betriebswirtschaftlichen Forschungszentrums f\u00fcr Fragen der mittelst\u00e4ndischen Wirtschaft e. V. an der Universit\u00e4t Bayreuth, Ausgabe 01\/2018, S. 26, <a href=\"https:\/\/www.bfm-bayreuth.de\/wp-content\/uploads\/2018\/04\/BF-M-Spiegel-01-2018.pdf\">Link<\/a><\/p><p><div class=\"su-divider su-divider-style-default\" style=\"margin:15px 0;border-width:3px;border-color:#999999\"><\/div><\/p><p>Bericht \u00fcber den<strong> Global Game Jam 2018<\/strong>, In: BFM Spiegel. Journal des Betriebswirtschaftlichen Forschungszentrums f\u00fcr Fragen der mittelst\u00e4ndischen Wirtschaft e. V. an der Universit\u00e4t Bayreuth, Ausgabe 01\/2018, S. 8, <a href=\"https:\/\/www.bfm-bayreuth.de\/wp-content\/uploads\/2018\/04\/BF-M-Spiegel-01-2018.pdf\">Link<\/a><\/p><p><div class=\"su-divider su-divider-style-default\" style=\"margin:15px 0;border-width:3px;border-color:#999999\"><\/div><\/p><p>Debrebant, Serge: \u201c<strong>Wir sind schon drin. Eine junge Universit\u00e4t, findige Unternehmer und der Wille zur Ver\u00e4nderung: Ein Besuch in Bayreuth, wo die Digitalisierung besonders gut Fu\u00df gefasst hat.<\/strong>\u201d\u00a0In: Google Magazin Aufbruch Wirtschaft: Wie die digitale Transformation gelingt. Beilage zur Wochenzeitung Die Zeit, November 2017, S. 14-17,\u00a0<a href=\"https:\/\/medienwissenschaft.uni-bayreuth.de\/gil\/wp-content\/uploads\/sites\/2\/2017\/12\/Debrebant_GoogleBeilageZeit_2017.pdf\">PDF.<\/a><\/p><p><div class=\"su-divider su-divider-style-default\" style=\"margin:15px 0;border-width:3px;border-color:#999999\"><\/div><\/p><p>\u201c<strong>Entrepreneurship-Ausbildung. Extra-F\u00f6rderung der Entrepreneurship-Ausbildung an der Universit\u00e4t Bayreuth durch den Freistaat<\/strong>\u201d (14.07.2017), bayern-online.de,\u00a0<a href=\"http:\/\/bayreuth.bayern-online.de\/magazin\/uni-bayreuth-news\/artikelansicht\/universitaet-bayreuth-foerderung-entrepreneurship-ausbildung-studium-studenten\/\" target=\"_blank\" rel=\"noopener noreferrer\">Link<\/a><\/p><p><div class=\"su-divider su-divider-style-default\" style=\"margin:15px 0;border-width:3px;border-color:#999999\"><\/div><\/p><p>Korkut, D.: \u201c<strong>Computerspiele transportieren Botschaften &#8211; Besuch im Bayreuther Games Innovation Lab an der Universit\u00e4t Bayreuth<\/strong>\u201d (22.05.2017), Studentenwerk Dresden,\u00a0<a href=\"https:\/\/www.studentenwerk-dresden.de\/wirueberuns\/ratgeber-77.html\" target=\"_blank\" rel=\"noopener noreferrer\">Link<\/a><\/p><p><div class=\"su-divider su-divider-style-default\" style=\"margin:15px 0;border-width:3px;border-color:#999999\"><\/div><\/p><p>Klein, Markus: <strong>\u201cComputerspiele transportieren Botschaften &#8211; Besuch im Bayreuther Games Innovation Lab<\/strong>&#8220; (10.05.2017), infranken.de,\u00a0<a style=\"font-size: 1rem\" href=\"http:\/\/www.infranken.de\/bayreuth\/Computerspiele-transportieren-Botschaften-Besuch-im-Bayreuther-Games-Innovation-Lab;art164173,2658595\" target=\"_blank\" rel=\"noopener noreferrer\">Link<\/a><\/p><p><div class=\"su-divider su-divider-style-default\" style=\"margin:15px 0;border-width:3px;border-color:#999999\"><\/div><\/p><p>Hoja, Lothar: \u201c<strong>Studierende sollen die Digitalisierung beschleunigen. Der Freistaat Bayern finanziert Innovationslabors an den Hochschulen<\/strong>\u201d (03.04.2017), nordbayern.de,\u00a0<a href=\"http:\/\/www.nordbayern.de\/ressorts\/szene-extra\/studierende-sollen-die-digitalisierung-beschleunigen-1.5955589?rssPage=SG9jaHNjaHVsc2VpdGU\" target=\"_blank\" rel=\"noopener noreferrer\">Link<\/a><\/p><p><div class=\"su-divider su-divider-style-default\" style=\"margin:15px 0;border-width:3px;border-color:#999999\"><\/div><\/p><p>Heimbeck, Norbert: \u201c<strong>Game Innovation Lab f\u00fcr Uni Bayreuth<\/strong>\u201d (28.03.2017), Nordbayerischer Kurier,\u00a0<a href=\"http:\/\/www.nordbayerischer-kurier.de\/nachrichten\/game-innovation-lab-fur-uni-bayreuth_563401\" target=\"_blank\" rel=\"noopener noreferrer\">Link<\/a><\/p><p><div class=\"su-divider su-divider-style-default\" style=\"margin:15px 0;border-width:3px;border-color:#999999\"><\/div><\/p><p>\u201c<strong>Heute Computerspiele von morgen entwickeln \u2013 Universit\u00e4t Bayreuth bekommt Game Innovation Lab<\/strong>\u201d, Universit\u00e4t Bayreuth, <a href=\"https:\/\/www.uni-bayreuth.de\/de\/universitaet\/presse\/pressemitteilungen\/2017\/026-game-innovation-lab\/index.html\">Pressemitteilung Nr. 26\/2017<\/a> vom 15. M\u00e4rz 2017<\/p>\t\t\t\t\t\t\t\t<\/div>\n\t\t\t\t<\/div>\n\t\t\t\t<div class=\"elementor-element elementor-element-bd49605 elementor-widget-divider--view-line elementor-widget elementor-widget-divider\" data-id=\"bd49605\" data-element_type=\"widget\" data-e-type=\"widget\" data-widget_type=\"divider.default\">\n\t\t\t\t<div class=\"elementor-widget-container\">\n\t\t\t\t\t\t\t<div class=\"elementor-divider\">\n\t\t\t<span class=\"elementor-divider-separator\">\n\t\t\t\t\t\t<\/span>\n\t\t<\/div>\n\t\t\t\t\t\t<\/div>\n\t\t\t\t<\/div>\n\t\t\t\t\t<\/div>\n\t\t<\/div>\n\t\t\t\t\t<\/div>\n\t\t<\/section>\n\t\t\t\t\t<\/div>\n\t\t<\/div>\n\t\t\t\t\t<\/div>\n\t\t<\/section>\n\t\t\t\t<\/div>\n\t\t","protected":false},"excerpt":{"rendered":"<p>Pressemitteilungen In den folgenden Artikeln und Beitr\u00e4gen wird das Game Innovation Lab vorgestellt oder thematisiert: 28.06.2024: Neues Remaster von Videospiel Ostwind kommt aus Bayreuth 02.02.2024: Spiele entwickeln in 48 Stunden: Der Global Game Jam in Bayreuth 15.12.2023: Immer mehr Videospiele entstehen in Bayreuth: wieso die Gaming-Industrie hier w\u00e4chst 13.09.2023: Neue Helden der Spielewelt 28.06.2023: 1,5 [&hellip;]<\/p>\n","protected":false},"author":69,"featured_media":0,"parent":0,"menu_order":0,"comment_status":"closed","ping_status":"closed","template":"","meta":{"_acf_changed":false,"site-sidebar-layout":"no-sidebar","site-content-layout":"page-builder","ast-site-content-layout":"default","site-content-style":"default","site-sidebar-style":"default","ast-global-header-display":"","ast-banner-title-visibility":"","ast-main-header-display":"","ast-hfb-above-header-display":"","ast-hfb-below-header-display":"","ast-hfb-mobile-header-display":"","site-post-title":"disabled","ast-breadcrumbs-content":"","ast-featured-img":"disabled","footer-sml-layout":"","ast-disable-related-posts":"","theme-transparent-header-meta":"default","adv-header-id-meta":"","stick-header-meta":"","header-above-stick-meta":"","header-main-stick-meta":"","header-below-stick-meta":"","astra-migrate-meta-layouts":"default","ast-page-background-enabled":"default","ast-page-background-meta":{"desktop":{"background-color":"","background-image":"","background-repeat":"repeat","background-position":"center center","background-size":"auto","background-attachment":"scroll","background-type":"","background-media":"","overlay-type":"","overlay-color":"","overlay-opacity":"","overlay-gradient":""},"tablet":{"background-color":"","background-image":"","background-repeat":"repeat","background-position":"center center","background-size":"auto","background-attachment":"scroll","background-type":"","background-media":"","overlay-type":"","overlay-color":"","overlay-opacity":"","overlay-gradient":""},"mobile":{"background-color":"","background-image":"","background-repeat":"repeat","background-position":"center center","background-size":"auto","background-attachment":"scroll","background-type":"","background-media":"","overlay-type":"","overlay-color":"","overlay-opacity":"","overlay-gradient":""}},"ast-content-background-meta":{"desktop":{"background-color":"var(--ast-global-color-5)","background-image":"","background-repeat":"repeat","background-position":"center center","background-size":"auto","background-attachment":"scroll","background-type":"","background-media":"","overlay-type":"","overlay-color":"","overlay-opacity":"","overlay-gradient":""},"tablet":{"background-color":"var(--ast-global-color-5)","background-image":"","background-repeat":"repeat","background-position":"center center","background-size":"auto","background-attachment":"scroll","background-type":"","background-media":"","overlay-type":"","overlay-color":"","overlay-opacity":"","overlay-gradient":""},"mobile":{"background-color":"var(--ast-global-color-5)","background-image":"","background-repeat":"repeat","background-position":"center center","background-size":"auto","background-attachment":"scroll","background-type":"","background-media":"","overlay-type":"","overlay-color":"","overlay-opacity":"","overlay-gradient":""}},"footnotes":""},"class_list":["post-3274","page","type-page","status-publish","hentry"],"acf":[],"_links":{"self":[{"href":"https:\/\/medienwissenschaft.uni-bayreuth.de\/gil\/wp-json\/wp\/v2\/pages\/3274","targetHints":{"allow":["GET"]}}],"collection":[{"href":"https:\/\/medienwissenschaft.uni-bayreuth.de\/gil\/wp-json\/wp\/v2\/pages"}],"about":[{"href":"https:\/\/medienwissenschaft.uni-bayreuth.de\/gil\/wp-json\/wp\/v2\/types\/page"}],"author":[{"embeddable":true,"href":"https:\/\/medienwissenschaft.uni-bayreuth.de\/gil\/wp-json\/wp\/v2\/users\/69"}],"replies":[{"embeddable":true,"href":"https:\/\/medienwissenschaft.uni-bayreuth.de\/gil\/wp-json\/wp\/v2\/comments?post=3274"}],"version-history":[{"count":35,"href":"https:\/\/medienwissenschaft.uni-bayreuth.de\/gil\/wp-json\/wp\/v2\/pages\/3274\/revisions"}],"predecessor-version":[{"id":5230,"href":"https:\/\/medienwissenschaft.uni-bayreuth.de\/gil\/wp-json\/wp\/v2\/pages\/3274\/revisions\/5230"}],"wp:attachment":[{"href":"https:\/\/medienwissenschaft.uni-bayreuth.de\/gil\/wp-json\/wp\/v2\/media?parent=3274"}],"curies":[{"name":"wp","href":"https:\/\/api.w.org\/{rel}","templated":true}]}}